-2*l + 3. Let d be n(c). List the prime factors of (-12)/d + -6 + 4.
2, 5
Suppose -3*u + 29 = 5. Suppose -5*i - 3 + 13 = 0. Suppose 4 - u = -i*r. What are the prime factors of r?
2
Let o(p) = 2*p - 11. Let f be o(7). Suppose f*t - 98 = t. List the prime factors of t.
7
Let g(l) = -l**2 + 8*l - 7. Let k = 4 - -6. Suppose -4*r = -2*r - k. What are the prime factors of g(r)?
2
Let r(q) = q**2 + 1. Let m be r(7). List the prime factors of (-3)/(-2 - m/(-28)).
2, 7
Let w(y) = -y**3 + 9*y**2 - 10*y + 4. What are the prime factors of w(7)?
2
Suppose 0 = 2*m - 89 + 25. Suppose i = -3*i - w + m, -5*i - 3*w = -47. What are the prime factors of i?
7
Suppose -i + 4 = 0, -4*b - 109 + 389 = -3*i. Suppose 8 = 3*o - b. List the prime factors of o.
3
Suppose -10 = -5*t - z, -2 = t - 0*t + z. Let p = t + 2. List the prime factors of p.
5
What are the prime factors of 4/10 + 578/5?
2, 29
Let k(h) = h**2 - 4*h + 8. Let a be k(9). Suppose 7 = l - a. Suppose 0*w = -4*r + 3*w + l, r - 28 = 4*w. List the prime factors of r.
2, 3
Let v be 1*-3 + 1 + 10. Suppose -2*b = -3*s + 11, s - b = -0*s + 3. Let f = v - s. List the prime factors of f.
3
Let p = 1 - -2. Suppose 2*r - p*r = -4. List the prime factors of (r - 6)/((-4)/14).
7
Let y(a) = a**2 - a + 8. Let s be y(0). Suppose -3*r = -s - 1. Suppose -26 = -5*d + 4*u + 5, -r*d + 5*u + 16 = 0. What are the prime factors of d?
7
Let a(g) be the third derivative of -g**4/24 - 7*g**3/6 - 3*g**2. Let p be a(-5). What are the prime factors of ((-4)/(-5))/(p/(-35))?
2, 7
Suppose 2*o + 3*o = 30. Let l(r) = 6*r - 7. List the prime factors of l(o).
29
Let f(n) be the second derivative of 3*n**4/4 - n**3/3 - 3*n**2/2 + 2*n. List the prime factors of f(-2).
37
Suppose -3 - 1 = -4*v. What are the prime factors of 15 - (v - -2)/1?
2, 3
Let h be (-92)/30*3*5. Let b be h/(-4) - (-9)/(-18). Suppose 3*o - p = 58, -o = p + b - 29. What are the prime factors of o?
19
Let r(m) = m**2 - 9*m + 10. Let v be r(7). Let y = 0 - v. List the prime factors of 12 - (y/2 + -4).
2, 7
What are the prime factors of (-9 - -8)*(-54 - 2)?
2, 7
Let i(v) = -v + 11. List the prime factors of i(5).
2, 3
Let a(q) = -2*q - 11. Let k be a(8). List the prime factors of (-252)/k*3*1.
2, 7
Suppose -5*x + 92 = -x. Let s = x + -12. What are the prime factors of s?
11
Let i(s) be the first derivative of 17*s**3/3 + s**2 - s + 4. What are the prime factors of i(1)?
2, 3
Suppose i = 2*i + 3*o + 29, 5*i + 3*o + 85 = 0. Let h = i - -23. Suppose -4*w + 7 = -h. List the prime factors of w.
2
Suppose 3*s = 4*t + t - 7, t + s - 3 = 0. Suppose 0*o = t*o - 18. What are the prime factors of o?
3
Let d be 5/2*4/5. Suppose 48 = -d*b + 6*b. List the prime factors of b.
2, 3
Suppose -s - s = 2*o - 78, 0 = 3*s - 9. What are the prime factors of 136/o - 2/(-9)?
2
Suppose 4*m = 9 + 27. Let b = 19 - m. What are the prime factors of b?
2, 5
Suppose 2*z + 20 = -2*n, -3*z - z + 2*n = 10. Let k(l) be the first derivative of 2*l**3/3 + 3*l**2 - 4*l - 1. What are the prime factors of k(z)?
2
What are the prime factors of (-7)/(-3*(-1)/(-3))?
7
Let n be 3 + -6*(-3)/(-6). Suppose n = 2*j - 3*j + 4. List the prime factors of j.
2
Suppose -1 = 2*a - 3. Let k = -1 + a. Suppose k*i - 4 = -i. What are the prime factors of i?
2
Let d(a) = -a**2 + 2*a - 2. Let g(q) = -q**2 + 3*q - 2. Let v(o) = 5*d(o) - 6*g(o). List the prime factors of v(8).
2
Let u be (-13)/(0 - (3 - 2)). Let g = 23 - u. Suppose -4 + g = 2*o. List the prime factors of o.
3
Let o(x) be the first derivative of 3*x**2/2 - 2*x - 2. Let l(y) = 2*y - 2. Let h(t) = -2*l(t) + 3*o(t). What are the prime factors of h(2)?
2
Suppose 5*r - t = 410, -71 = -r - 2*t - 0*t. List the prime factors of r.
3
Suppose 3*u - 238 = -5*m, -u + 5*u + 3*m - 321 = 0. What are the prime factors of u?
3
Suppose -u - 251 - 240 = -5*o, 2*u + 296 = 3*o. Suppose 8 = -5*f + o. List the prime factors of (6/4)/(3/f).
3
Suppose -3*n = -2*n - 7. Let q = 10 - n. What are the prime factors of q?
3
Suppose -3*a + 2*t = -2*t - 10, -5*a - 3*t + 7 = 0. What are the prime factors of (-2)/((-60)/27 + a)?
3
Let u(y) = 6*y - 6. List the prime factors of u(4).
2, 3
Let s = -60 + 239. Suppose -4*i + s = -z, -z + 139 = 3*i + 3*z. Suppose 2*h - 5*p + i = 5*h, 0 = -4*p + 12. List the prime factors of h.
2, 5
Suppose 0*p = 10*p - 310. What are the prime factors of p?
31
Let r be 4/(-20) + 62/10. Suppose r*a - a = 30. Let z = a + -2. What are the prime factors of z?
2
Let d = 28 - 13. Let u = d + 1. What are the prime factors of u?
2
Let d be 6/(6*(-1)/(-4)). Let m(a) = a**3 - 4*a**2 + 6*a - 5. What are the prime factors of m(d)?
19
Suppose -14 = 2*n - 2. Let v be 6/15*(-15)/n. Suppose 1 = f - v, 4*f = b - 3. What are the prime factors of b?
11
Let q(b) = -2*b + 2. Let g be q(4). Let z(s) = s**2 + 6*s + 2. Let n be z(g). Suppose -5*v - 3*d = d - 57, 4*v - n*d - 30 = 0. List the prime factors of v.
3
Suppose 8*z - 5*z = -3. List the prime factors of (z/2)/((-1)/16).
2
Let m = -22 - -49. Suppose 37 + m = 4*d. List the prime factors of d.
2
Let g(z) = 13*z**3 + 2*z**2 + 2*z - 2. Let r be g(-2). Let u be r/4*4/(-3). Suppose 1 - u = -3*i. What are the prime factors of i?
11
Let b(q) = 12*q + 3. Let y be b(6). Suppose 0 = 4*j + 4 - 28. Suppose d + y = j*d. List the prime factors of d.
3, 5
Let v = 73 - 22. Suppose -19*d = -16*d - v. What are the prime factors of d?
17
Let l = 7 - 3. Suppose l*n - 10 - 30 = 0. What are the prime factors of n?
2, 5
List the prime factors of (-9)/(-12) + 157/4.
2, 5
Let g = 6 + -3. What are the prime factors of g?
3
Suppose -3*v - t = -239, 4*v + t - 63 = 254. List the prime factors of v.
2, 3, 13
Let k = 8 - 10. Suppose -6 = 2*s - 3*l + 5, 2*s - 5*l + 17 = 0. What are the prime factors of s + 2 + (-1 - k)?
2
Suppose -2*h + 10*h - 104 = 0. List the prime factors of h.
13
Suppose -5*l = -3*y + 43, 3*y - 2*y + l - 9 = 0. List the prime factors of y.
11
Let a be 2/(-1*(-2)/13). Let z be 4/10 - (-103)/5. Let l = z - a. What are the prime factors of l?
2
Let r(w) be the second derivative of -2*w**3/3 - w**2/2 - 2*w. List the prime factors of r(-4).
3, 5
List the prime factors of 66 + 0 - (4 + 0).
2, 31
Suppose -87*v = -89*v + 454. What are the prime factors of v?
227
Suppose 5*s + 5*z = -5, 2 + 8 = 2*s - 2*z. Suppose -5*q = 15, 2 = 2*t - 4*t - s*q. List the prime factors of (5 - t)/((-4)/(-8)).
2, 3
Let y(l) = -7*l - 1. Let m be y(-2). Suppose -47 = -2*d - m. List the prime factors of d.
17
Suppose -4*j + 1050 = 2*j. List the prime factors of j.
5, 7
Let t(b) = b**2 - 5*b - 4. Suppose 16 + 0 = 4*j. Suppose -j*a + 3*p = a - 20, -a = -4*p + 13. List the prime factors of t(a).
2, 5
Suppose 4*u - 3*g - 69 = 2*u, -29 = -2*u - 5*g. List the prime factors of u.
3
Let h(x) = -5*x**3 - 7*x**2 + x - 7. Suppose -s - 3*s + 12 = 0. Let b(z) = -2*z**3 - 4*z**2 + z - 3. Let c(y) = s*h(y) - 7*b(y). List the prime factors of c(6).
2, 3
Suppose 31 = g + 5*n - 4*n, 0 = -3*g - n + 93. What are the prime factors of g?
31
Suppose 2*o - 4 = -3*q - q, -37 = -o + 5*q. What are the prime factors of o?
2, 3
Let c = -84 - -119. What are the prime factors of c?
5, 7
Let g = 2 + 2. Let u(p) = -5*p**3 - 8*p**2 + 13*p - 5. Let o(s) = 2*s**3 + 4*s**2 - 6*s + 2. Let l(z) = -7*o(z) - 3*u(z). What are the prime factors of l(g)?
13
Let n(j) = -12*j + 3. List the prime factors of n(-2).
3
Let x(a) = -a**3 - 9*a**2 - 7*a + 5. Let t be x(-8). Let l(p) = 2*p**3 + 5*p**2 + 4*p + 3. Let i be l(t). What are the prime factors of i/(-2)*(0 - -1)?
3
List the prime factors of (-2 - 3)/5 + 107.
2, 53
Suppose -25 = -7*h + 2*h. Suppose 2*c = z + 1, -c = -h*c. List the prime factors of z/(14/(-6) + 2).
3
Let w = 2 + -1. Let g be (w*-3)/((-3)/5). Suppose 0 = -g*b - 20, -5*b - 36 = -3*c + 14. What are the prime factors of c?
2, 5
Suppose -4*q - 2*c = 3*c + 3, 5*q - 12 = -c. Let o(u) = 2*u**3 - u**2 - 4*u + 3. Let h be o(q). What are the prime factors of (h/(-10))/(8/(-20))?
3
Suppose -11 = -l - 3*b, -2*l - 5*b - 3 = -24. Suppose 2*m - 4 = f + 2*f, 0 = 4*f - l. Suppose -4 = m*y - 64. What are the prime factors of y?
2, 3
Suppose -2*r - 2*r = -4*d + 84, 8 = 4*r. Suppose -5*j + d = -32. Suppose -14 = -5*h + j. What are the prime factors of h?
5
Suppose 4*r = -44 + 228. What are the prime factors of r?
2, 23
Let h = 14 + 60.